{"id":1409,"date":"2025-04-26T19:01:00","date_gmt":"2025-04-26T17:01:00","guid":{"rendered":"https:\/\/staging.eintracht-koeln.de\/?page_id=1409"},"modified":"2025-04-27T10:27:56","modified_gmt":"2025-04-27T08:27:56","slug":"philosophie-geschichte","status":"publish","type":"page","link":"https:\/\/staging.eintracht-koeln.de\/?page_id=1409","title":{"rendered":"Philosophie &#038; Geschichte"},"content":{"rendered":"\t\t<div data-elementor-type=\"wp-post\" data-elementor-id=\"1409\" class=\"elementor elementor-1409\">\n\t\t\t\t<div class=\"elementor-element elementor-element-5f02ddf e-flex e-con-boxed e-con e-parent\" data-id=\"5f02ddf\" data-element_type=\"container\" data-settings=\"{&quot;background_background&quot;:&quot;classic&quot;}\">\n\t\t\t\t\t<div class=\"e-con-inner\">\n\t\t<div class=\"elementor-element elementor-element-0502d81 e-con-full e-flex e-con e-child\" data-id=\"0502d81\" data-element_type=\"container\">\n\t\t\t\t<div class=\"elementor-element elementor-element-03d202b elementor-widget elementor-widget-heading\" data-id=\"03d202b\" data-element_type=\"widget\" data-widget_type=\"heading.default\">\n\t\t\t\t<div class=\"elementor-widget-container\">\n\t\t\t\t\t<h1 class=\"elementor-heading-title elementor-size-default\">Philosophie &amp; Geschichte<\/h1>\t\t\t\t<\/div>\n\t\t\t\t<\/div>\n\t\t\t\t<\/div>\n\t\t\t\t\t<\/div>\n\t\t\t\t<\/div>\n\t\t\t\t<section class=\"elementor-section elementor-top-section elementor-element elementor-element-6ms3si5 elementor-section-content-middle elementor-section-boxed elementor-section-height-default elementor-section-height-default\" data-id=\"6ms3si5\" data-element_type=\"section\" data-settings=\"{&quot;background_background&quot;:&quot;classic&quot;}\">\n\t\t\t\t\t\t<div class=\"elementor-container elementor-column-gap-no\">\n\t\t\t\t\t<div class=\"elementor-column elementor-col-50 elementor-top-column elementor-element elementor-element-27a2e6f\" data-id=\"27a2e6f\" data-element_type=\"column\">\n\t\t\t<div class=\"elementor-widget-wrap elementor-element-populated\">\n\t\t\t\t\t\t<div class=\"elementor-element elementor-element-2d03d06 elementor-widget elementor-widget-image\" data-id=\"2d03d06\" data-element_type=\"widget\" data-widget_type=\"image.default\">\n\t\t\t\t<div class=\"elementor-widget-container\">\n\t\t\t\t\t\t\t\t\t\t\t\t\t\t\t<img fetchpriority=\"high\" decoding=\"async\" width=\"768\" height=\"1076\" src=\"https:\/\/staging.eintracht-koeln.de\/wp-content\/uploads\/2025\/04\/ga001f6d92e71fe94e7dd707c48279273558186ad987bbf9127fe28e5984cc2ad70f599fc57b26bf8fe49623d527f856ba71e0f3786e278d06050a715e9f581ba_1280-1447356-768x1076.jpg\" class=\"attachment-medium_large size-medium_large wp-image-1433\" alt=\"soccer, football, soccer player, game, competition, soccer ball, action, teen, youth, kick, football game, kicking, sport, high school, soccer, soccer, soccer, soccer, soccer, football, football, soccer player, soccer player\" srcset=\"https:\/\/staging.eintracht-koeln.de\/wp-content\/uploads\/2025\/04\/ga001f6d92e71fe94e7dd707c48279273558186ad987bbf9127fe28e5984cc2ad70f599fc57b26bf8fe49623d527f856ba71e0f3786e278d06050a715e9f581ba_1280-1447356-768x1076.jpg 768w, https:\/\/staging.eintracht-koeln.de\/wp-content\/uploads\/2025\/04\/ga001f6d92e71fe94e7dd707c48279273558186ad987bbf9127fe28e5984cc2ad70f599fc57b26bf8fe49623d527f856ba71e0f3786e278d06050a715e9f581ba_1280-1447356-214x300.jpg 214w, https:\/\/staging.eintracht-koeln.de\/wp-content\/uploads\/2025\/04\/ga001f6d92e71fe94e7dd707c48279273558186ad987bbf9127fe28e5984cc2ad70f599fc57b26bf8fe49623d527f856ba71e0f3786e278d06050a715e9f581ba_1280-1447356-731x1024.jpg 731w, https:\/\/staging.eintracht-koeln.de\/wp-content\/uploads\/2025\/04\/ga001f6d92e71fe94e7dd707c48279273558186ad987bbf9127fe28e5984cc2ad70f599fc57b26bf8fe49623d527f856ba71e0f3786e278d06050a715e9f581ba_1280-1447356.jpg 914w\" sizes=\"(max-width: 768px) 100vw, 768px\" \/>\t\t\t\t\t\t\t\t\t\t\t\t\t\t\t<\/div>\n\t\t\t\t<\/div>\n\t\t\t\t\t<\/div>\n\t\t<\/div>\n\t\t\t\t<div class=\"elementor-column elementor-col-50 elementor-top-column elementor-element elementor-element-fc55efe\" data-id=\"fc55efe\" data-element_type=\"column\">\n\t\t\t<div class=\"elementor-widget-wrap elementor-element-populated\">\n\t\t\t\t\t\t<div class=\"elementor-element elementor-element-f07ba44 elementor-widget elementor-widget-heading\" data-id=\"f07ba44\" data-element_type=\"widget\" data-widget_type=\"heading.default\">\n\t\t\t\t<div class=\"elementor-widget-container\">\n\t\t\t\t\t<h1 class=\"elementor-heading-title elementor-size-default\">Unser Kompass: Spa\u00df, Entwicklung, Gemeinschaft &amp; Ehrenfeld!\u200b<\/h1>\t\t\t\t<\/div>\n\t\t\t\t<\/div>\n\t\t\t\t<div class=\"elementor-element elementor-element-a336775 elementor-widget elementor-widget-text-editor\" data-id=\"a336775\" data-element_type=\"widget\" data-widget_type=\"text-editor.default\">\n\t\t\t\t<div class=\"elementor-widget-container\">\n\t\t\t\t\t\t\t\t\t<p>Bei Eintracht K\u00f6ln geht es um mehr als nur ums Gewinnen. Fu\u00dfball ist f\u00fcr uns Leidenschaft, ein Lernfeld f\u00fcrs Leben und vor allem: jede Menge Spa\u00df! Wir sind stolz auf unsere Wurzeln hier im Veedel und darauf, ein Treffpunkt f\u00fcr Kinder und Jugendliche aus ganz Ehrenfeld und dar\u00fcber hinaus zu sein. <strong>Unsere Philosophie basiert auf drei S\u00e4ulen:<\/strong><\/p>\t\t\t\t\t\t\t\t<\/div>\n\t\t\t\t<\/div>\n\t\t\t\t<div class=\"elementor-element elementor-element-e704196 elementor-widget elementor-widget-button\" data-id=\"e704196\" data-element_type=\"widget\" data-widget_type=\"button.default\">\n\t\t\t\t<div class=\"elementor-widget-container\">\n\t\t\t\t\t\t\t\t\t<div class=\"elementor-button-wrapper\">\n\t\t\t\t\t<a class=\"elementor-button elementor-button-link elementor-size-sm\" href=\"#\">\n\t\t\t\t\t\t<span class=\"elementor-button-content-wrapper\">\n\t\t\t\t\t\t\t\t\t<span class=\"elementor-button-text\">Call To Action<\/span>\n\t\t\t\t\t<\/span>\n\t\t\t\t\t<\/a>\n\t\t\t\t<\/div>\n\t\t\t\t\t\t\t\t<\/div>\n\t\t\t\t<\/div>\n\t\t\t\t\t<\/div>\n\t\t<\/div>\n\t\t\t\t\t<\/div>\n\t\t<\/section>\n\t\t\t\t<section class=\"elementor-section elementor-top-section elementor-element elementor-element-4sn3vev elementor-section-content-middle elementor-section-boxed elementor-section-height-default elementor-section-height-default\" data-id=\"4sn3vev\" data-element_type=\"section\" data-settings=\"{&quot;background_background&quot;:&quot;classic&quot;}\">\n\t\t\t\t\t\t\t<div class=\"elementor-background-overlay\"><\/div>\n\t\t\t\t\t\t\t<div class=\"elementor-container elementor-column-gap-no\">\n\t\t\t\t\t<div class=\"elementor-column elementor-col-33 elementor-top-column elementor-element elementor-element-00fe61f\" data-id=\"00fe61f\" data-element_type=\"column\">\n\t\t\t<div class=\"elementor-widget-wrap elementor-element-populated\">\n\t\t\t\t\t\t<div class=\"elementor-element elementor-element-f0ae45e elementor-widget elementor-widget-image\" data-id=\"f0ae45e\" data-element_type=\"widget\" data-widget_type=\"image.default\">\n\t\t\t\t<div class=\"elementor-widget-container\">\n\t\t\t\t\t\t\t\t\t\t\t\t\t\t\t<img decoding=\"async\" width=\"1024\" height=\"682\" src=\"https:\/\/staging.eintracht-koeln.de\/wp-content\/uploads\/2025\/04\/1678992-1024x682.jpg\" class=\"attachment-large size-large wp-image-1428\" alt=\"soccer, ball, sports, goal kick, corner, outdoor, black, green, kicker, to play, victory, football match, soccer, soccer, soccer, soccer, soccer\" srcset=\"https:\/\/staging.eintracht-koeln.de\/wp-content\/uploads\/2025\/04\/1678992-1024x682.jpg 1024w, https:\/\/staging.eintracht-koeln.de\/wp-content\/uploads\/2025\/04\/1678992-300x200.jpg 300w, https:\/\/staging.eintracht-koeln.de\/wp-content\/uploads\/2025\/04\/1678992-768x512.jpg 768w, https:\/\/staging.eintracht-koeln.de\/wp-content\/uploads\/2025\/04\/1678992.jpg 1280w\" sizes=\"(max-width: 1024px) 100vw, 1024px\" \/>\t\t\t\t\t\t\t\t\t\t\t\t\t\t\t<\/div>\n\t\t\t\t<\/div>\n\t\t\t\t<div class=\"elementor-element elementor-element-1460afc elementor-widget elementor-widget-heading\" data-id=\"1460afc\" data-element_type=\"widget\" data-widget_type=\"heading.default\">\n\t\t\t\t<div class=\"elementor-widget-container\">\n\t\t\t\t\t<h3 class=\"elementor-heading-title elementor-size-default\">Sportliche Entwicklung<\/h3>\t\t\t\t<\/div>\n\t\t\t\t<\/div>\n\t\t\t\t<div class=\"elementor-element elementor-element-4fe0555 elementor-widget elementor-widget-text-editor\" data-id=\"4fe0555\" data-element_type=\"widget\" data-widget_type=\"text-editor.default\">\n\t\t\t\t<div class=\"elementor-widget-container\">\n\t\t\t\t\t\t\t\t\t<p>Wir f\u00f6rdern jedes Kind und jeden Jugendlichen individuell und altersgerecht \u2013 vom ersten Ballkontakt bis zum taktischen Verst\u00e4ndnis. Dabei setzen wir auf moderne Trainingsmethoden und qualifizierte Trainer*innen, die Freude am Fu\u00dfball vermitteln.<\/p>\t\t\t\t\t\t\t\t<\/div>\n\t\t\t\t<\/div>\n\t\t\t\t\t<\/div>\n\t\t<\/div>\n\t\t\t\t<div class=\"elementor-column elementor-col-33 elementor-top-column elementor-element elementor-element-77f9305\" data-id=\"77f9305\" data-element_type=\"column\">\n\t\t\t<div class=\"elementor-widget-wrap elementor-element-populated\">\n\t\t\t\t\t\t<div class=\"elementor-element elementor-element-2912f35 elementor-widget elementor-widget-image\" data-id=\"2912f35\" data-element_type=\"widget\" data-widget_type=\"image.default\">\n\t\t\t\t<div class=\"elementor-widget-container\">\n\t\t\t\t\t\t\t\t\t\t\t\t\t\t\t<img decoding=\"async\" width=\"1024\" height=\"717\" src=\"https:\/\/staging.eintracht-koeln.de\/wp-content\/uploads\/2025\/04\/lihb1_maghy-1024x717.jpg\" class=\"attachment-large size-large wp-image-1430\" alt=\"children playing soccer\" srcset=\"https:\/\/staging.eintracht-koeln.de\/wp-content\/uploads\/2025\/04\/lihb1_maghy-1024x717.jpg 1024w, https:\/\/staging.eintracht-koeln.de\/wp-content\/uploads\/2025\/04\/lihb1_maghy-300x210.jpg 300w, https:\/\/staging.eintracht-koeln.de\/wp-content\/uploads\/2025\/04\/lihb1_maghy-768x538.jpg 768w, https:\/\/staging.eintracht-koeln.de\/wp-content\/uploads\/2025\/04\/lihb1_maghy-1536x1075.jpg 1536w, https:\/\/staging.eintracht-koeln.de\/wp-content\/uploads\/2025\/04\/lihb1_maghy.jpg 1600w\" sizes=\"(max-width: 1024px) 100vw, 1024px\" \/>\t\t\t\t\t\t\t\t\t\t\t\t\t\t\t<\/div>\n\t\t\t\t<\/div>\n\t\t\t\t<div class=\"elementor-element elementor-element-79b4a88 elementor-widget elementor-widget-heading\" data-id=\"79b4a88\" data-element_type=\"widget\" data-widget_type=\"heading.default\">\n\t\t\t\t<div class=\"elementor-widget-container\">\n\t\t\t\t\t<h3 class=\"elementor-heading-title elementor-size-default\">Starke Gemeinschaft<\/h3>\t\t\t\t<\/div>\n\t\t\t\t<\/div>\n\t\t\t\t<div class=\"elementor-element elementor-element-bf20e91 elementor-widget elementor-widget-text-editor\" data-id=\"bf20e91\" data-element_type=\"widget\" data-widget_type=\"text-editor.default\">\n\t\t\t\t<div class=\"elementor-widget-container\">\n\t\t\t\t\t\t\t\t\t<p>Wir sind EIN Team \u2013 auf und neben dem Platz. Freundschaft, Zusammenhalt und ein respektvolles Miteinander sind uns wichtiger als jedes Ergebnis. Bei uns findet jede*r seinen Platz und f\u00fchlt sich willkommen, unabh\u00e4ngig von Herkunft oder Talent.<\/p>\t\t\t\t\t\t\t\t<\/div>\n\t\t\t\t<\/div>\n\t\t\t\t\t<\/div>\n\t\t<\/div>\n\t\t\t\t<div class=\"elementor-column elementor-col-33 elementor-top-column elementor-element elementor-element-92c59ca\" data-id=\"92c59ca\" data-element_type=\"column\">\n\t\t\t<div class=\"elementor-widget-wrap elementor-element-populated\">\n\t\t\t\t\t\t<div class=\"elementor-element elementor-element-d3779df elementor-widget elementor-widget-image\" data-id=\"d3779df\" data-element_type=\"widget\" data-widget_type=\"image.default\">\n\t\t\t\t<div class=\"elementor-widget-container\">\n\t\t\t\t\t\t\t\t\t\t\t\t\t\t\t<img decoding=\"async\" width=\"1024\" height=\"717\" src=\"https:\/\/staging.eintracht-koeln.de\/wp-content\/uploads\/2025\/04\/lihb1_maghy-1024x717.jpg\" class=\"attachment-large size-large wp-image-1430\" alt=\"children playing soccer\" srcset=\"https:\/\/staging.eintracht-koeln.de\/wp-content\/uploads\/2025\/04\/lihb1_maghy-1024x717.jpg 1024w, https:\/\/staging.eintracht-koeln.de\/wp-content\/uploads\/2025\/04\/lihb1_maghy-300x210.jpg 300w, https:\/\/staging.eintracht-koeln.de\/wp-content\/uploads\/2025\/04\/lihb1_maghy-768x538.jpg 768w, https:\/\/staging.eintracht-koeln.de\/wp-content\/uploads\/2025\/04\/lihb1_maghy-1536x1075.jpg 1536w, https:\/\/staging.eintracht-koeln.de\/wp-content\/uploads\/2025\/04\/lihb1_maghy.jpg 1600w\" sizes=\"(max-width: 1024px) 100vw, 1024px\" \/>\t\t\t\t\t\t\t\t\t\t\t\t\t\t\t<\/div>\n\t\t\t\t<\/div>\n\t\t\t\t<div class=\"elementor-element elementor-element-2f547cd elementor-widget elementor-widget-heading\" data-id=\"2f547cd\" data-element_type=\"widget\" data-widget_type=\"heading.default\">\n\t\t\t\t<div class=\"elementor-widget-container\">\n\t\t\t\t\t<h3 class=\"elementor-heading-title elementor-size-default\">Werte &amp; Pers\u00f6nlichkeit<\/h3>\t\t\t\t<\/div>\n\t\t\t\t<\/div>\n\t\t\t\t<div class=\"elementor-element elementor-element-0a3ffde elementor-widget elementor-widget-text-editor\" data-id=\"0a3ffde\" data-element_type=\"widget\" data-widget_type=\"text-editor.default\">\n\t\t\t\t<div class=\"elementor-widget-container\">\n\t\t\t\t\t\t\t\t\t<p>Fairplay, Respekt vor Mit- und Gegenspielern, Zuverl\u00e4ssigkeit und Verantwortungsbewusstsein \u2013 diese Werte leben wir im Training, im Spiel und im gesamten Vereinsleben. Wir wollen nicht nur gute Fu\u00dfballer*innen ausbilden, sondern auch charakterstarke junge Menschen f\u00f6rdern.<\/p>\t\t\t\t\t\t\t\t<\/div>\n\t\t\t\t<\/div>\n\t\t\t\t\t<\/div>\n\t\t<\/div>\n\t\t\t\t\t<\/div>\n\t\t<\/section>\n\t\t\t\t<section class=\"elementor-section elementor-top-section elementor-element elementor-element-bcabee0 elementor-section-full_width elementor-section-content-bottom elementor-section-height-default elementor-section-height-default\" data-id=\"bcabee0\" data-element_type=\"section\" data-settings=\"{&quot;background_background&quot;:&quot;classic&quot;}\">\n\t\t\t\t\t\t<div class=\"elementor-container elementor-column-gap-no\">\n\t\t\t\t\t<div class=\"elementor-column elementor-col-50 elementor-top-column elementor-element elementor-element-ae6a936\" data-id=\"ae6a936\" data-element_type=\"column\">\n\t\t\t<div class=\"elementor-widget-wrap elementor-element-populated\">\n\t\t\t\t\t\t<section class=\"elementor-section elementor-inner-section elementor-element elementor-element-c671c7a elementor-reverse-tablet elementor-reverse-mobile elementor-section-boxed elementor-section-height-default elementor-section-height-default\" data-id=\"c671c7a\" data-element_type=\"section\">\n\t\t\t\t\t\t<div class=\"elementor-container elementor-column-gap-default\">\n\t\t\t\t\t<div class=\"elementor-column elementor-col-100 elementor-inner-column elementor-element elementor-element-2363fe9\" data-id=\"2363fe9\" data-element_type=\"column\">\n\t\t\t<div class=\"elementor-widget-wrap elementor-element-populated\">\n\t\t\t\t\t\t<div class=\"elementor-element elementor-element-e908761 elementor-widget elementor-widget-heading\" data-id=\"e908761\" data-element_type=\"widget\" data-widget_type=\"heading.default\">\n\t\t\t\t<div class=\"elementor-widget-container\">\n\t\t\t\t\t<h1 class=\"elementor-heading-title elementor-size-default\">Ein Blick zur\u00fcck: Unsere Geschichte in Ehrenfeld<\/h1>\t\t\t\t<\/div>\n\t\t\t\t<\/div>\n\t\t\t\t<div class=\"elementor-element elementor-element-a211a0d elementor-widget elementor-widget-text-editor\" data-id=\"a211a0d\" data-element_type=\"widget\" data-widget_type=\"text-editor.default\">\n\t\t\t\t<div class=\"elementor-widget-container\">\n\t\t\t\t\t\t\t\t\t<p>Seit unserer Gr\u00fcndung im Jahr <strong>1951<\/strong> hat sich Eintracht K\u00f6ln zu einer festen Gr\u00f6\u00dfe im K\u00f6lner Jugendfu\u00dfball entwickelt. Angefangen mit einer Handvoll fu\u00dfballbegeisterter Kids auf dem Bolzplatz an der Venloer Stra\u00dfe, sind wir stetig gewachsen und haben unz\u00e4hlige unvergessliche Momente erlebt, wie unsere erste Stadtmeisterschaft 1995 oder den Bau unseres eigenen kleinen Vereinsheims 2005. Immer im Herzen von Ehrenfeld, immer nah an den Menschen. Wir blicken stolz auf \u00fcber 35 Jahre Vereinsgeschichte zur\u00fcck und freuen uns auf die Zukunft!<\/p>\t\t\t\t\t\t\t\t<\/div>\n\t\t\t\t<\/div>\n\t\t\t\t<div class=\"elementor-element elementor-element-1c01eca elementor-widget elementor-widget-button\" data-id=\"1c01eca\" data-element_type=\"widget\" data-widget_type=\"button.default\">\n\t\t\t\t<div class=\"elementor-widget-container\">\n\t\t\t\t\t\t\t\t\t<div class=\"elementor-button-wrapper\">\n\t\t\t\t\t<a class=\"elementor-button elementor-button-link elementor-size-sm\" href=\"#\">\n\t\t\t\t\t\t<span class=\"elementor-button-content-wrapper\">\n\t\t\t\t\t\t\t\t\t<span class=\"elementor-button-text\">Call To Action<\/span>\n\t\t\t\t\t<\/span>\n\t\t\t\t\t<\/a>\n\t\t\t\t<\/div>\n\t\t\t\t\t\t\t\t<\/div>\n\t\t\t\t<\/div>\n\t\t\t\t\t<\/div>\n\t\t<\/div>\n\t\t\t\t\t<\/div>\n\t\t<\/section>\n\t\t\t\t\t<\/div>\n\t\t<\/div>\n\t\t\t\t<div class=\"elementor-column elementor-col-50 elementor-top-column elementor-element elementor-element-bc3d600\" data-id=\"bc3d600\" data-element_type=\"column\" data-settings=\"{&quot;background_background&quot;:&quot;classic&quot;}\">\n\t\t\t<div class=\"elementor-widget-wrap\">\n\t\t\t\t\t<div class=\"elementor-background-overlay\"><\/div>\n\t\t\t\t\t\t\t<\/div>\n\t\t<\/div>\n\t\t\t\t\t<\/div>\n\t\t<\/section>\n\t\t\t\t<\/div>\n\t\t","protected":false},"excerpt":{"rendered":"<p>Philosophie &#038; Geschichte Unser Kompass: Spa\u00df, Entwicklung, Gemeinschaft &#038; Ehrenfeld!\u200b Bei Eintracht K\u00f6ln geht es um mehr als nur ums Gewinnen. Fu\u00dfball ist f\u00fcr uns Leidenschaft, ein Lernfeld f\u00fcrs Leben und vor allem: jede Menge Spa\u00df! Wir sind stolz auf unsere Wurzeln hier im Veedel und darauf, ein Treffpunkt f\u00fcr Kinder und Jugendliche aus ganz [&hellip;]<\/p>\n","protected":false},"author":3,"featured_media":0,"parent":0,"menu_order":0,"comment_status":"closed","ping_status":"closed","template":"","meta":{"site-sidebar-layout":"no-sidebar","site-content-layout":"page-builder","ast-site-content-layout":"full-width-container","site-content-style":"unboxed","site-sidebar-style":"unboxed","ast-global-header-display":"","ast-banner-title-visibility":"","ast-main-header-display":"","ast-hfb-above-header-display":"","ast-hfb-below-header-display":"","ast-hfb-mobile-header-display":"","site-post-title":"disabled","ast-breadcrumbs-content":"","ast-featured-img":"disabled","footer-sml-layout":"","theme-transparent-header-meta":"disabled","adv-header-id-meta":"","stick-header-meta":"","header-above-stick-meta":"","header-main-stick-meta":"","header-below-stick-meta":"","astra-migrate-meta-layouts":"set","ast-page-background-enabled":"default","ast-page-background-meta":{"desktop":{"background-color":"","background-image":"","background-repeat":"repeat","background-position":"center center","background-size":"auto","background-attachment":"scroll","background-type":"","background-media":"","overlay-type":"","overlay-color":"","overlay-opacity":"","overlay-gradient":""},"tablet":{"background-color":"","background-image":"","background-repeat":"repeat","background-position":"center center","background-size":"auto","background-attachment":"scroll","background-type":"","background-media":"","overlay-type":"","overlay-color":"","overlay-opacity":"","overlay-gradient":""},"mobile":{"background-color":"","background-image":"","background-repeat":"repeat","background-position":"center center","background-size":"auto","background-attachment":"scroll","background-type":"","background-media":"","overlay-type":"","overlay-color":"","overlay-opacity":"","overlay-gradient":""}},"ast-content-background-meta":{"desktop":{"background-color":"var(--ast-global-color-5)","background-image":"","background-repeat":"repeat","background-position":"center center","background-size":"auto","background-attachment":"scroll","background-type":"","background-media":"","overlay-type":"","overlay-color":"","overlay-opacity":"","overlay-gradient":""},"tablet":{"background-color":"var(--ast-global-color-5)","background-image":"","background-repeat":"repeat","background-position":"center center","background-size":"auto","background-attachment":"scroll","background-type":"","background-media":"","overlay-type":"","overlay-color":"","overlay-opacity":"","overlay-gradient":""},"mobile":{"background-color":"var(--ast-global-color-5)","background-image":"","background-repeat":"repeat","background-position":"center center","background-size":"auto","background-attachment":"scroll","background-type":"","background-media":"","overlay-type":"","overlay-color":"","overlay-opacity":"","overlay-gradient":""}},"footnotes":""},"class_list":["post-1409","page","type-page","status-publish","hentry"],"_links":{"self":[{"href":"https:\/\/staging.eintracht-koeln.de\/index.php?rest_route=\/wp\/v2\/pages\/1409","targetHints":{"allow":["GET"]}}],"collection":[{"href":"https:\/\/staging.eintracht-koeln.de\/index.php?rest_route=\/wp\/v2\/pages"}],"about":[{"href":"https:\/\/staging.eintracht-koeln.de\/index.php?rest_route=\/wp\/v2\/types\/page"}],"author":[{"embeddable":true,"href":"https:\/\/staging.eintracht-koeln.de\/index.php?rest_route=\/wp\/v2\/users\/3"}],"replies":[{"embeddable":true,"href":"https:\/\/staging.eintracht-koeln.de\/index.php?rest_route=%2Fwp%2Fv2%2Fcomments&post=1409"}],"version-history":[{"count":10,"href":"https:\/\/staging.eintracht-koeln.de\/index.php?rest_route=\/wp\/v2\/pages\/1409\/revisions"}],"predecessor-version":[{"id":1494,"href":"https:\/\/staging.eintracht-koeln.de\/index.php?rest_route=\/wp\/v2\/pages\/1409\/revisions\/1494"}],"wp:attachment":[{"href":"https:\/\/staging.eintracht-koeln.de\/index.php?rest_route=%2Fwp%2Fv2%2Fmedia&parent=1409"}],"curies":[{"name":"wp","href":"https:\/\/api.w.org\/{rel}","templated":true}]}}