{"id":3,"date":"2018-12-06T00:03:13","date_gmt":"2018-12-05T23:03:13","guid":{"rendered":"https:\/\/staging.eintracht-koeln.de\/?page_id=3"},"modified":"2025-04-26T09:30:18","modified_gmt":"2025-04-26T07:30:18","slug":"datenschutzerklaerung","status":"publish","type":"page","link":"https:\/\/staging.eintracht-koeln.de\/?page_id=3","title":{"rendered":"Datenschutzerkl\u00e4rung"},"content":{"rendered":"<p><strong>Wer wir sind<\/strong><\/p>\r\n<p>FC Eintracht K\u00f6ln e.V. <br \/>Pr\u00e4lat-Wolker-Anlage\/Ecke Gutenbergstrasse<br \/>50823 K\u00f6ln<\/p>\r\n<p>Vereinsregister K\u00f6ln: VR13415<\/p>\r\n<p><strong>Welche personenbezogenen Daten wir sammeln und warum wir sie sammeln<\/strong><\/p>\r\n<p>Der Schutz Ihrer pers\u00f6nlichen Daten ist ein wichtiger Punkt unserer t\u00e4glichen Arbeit. Wir m\u00f6chten Sie daher an dieser Stelle \u00fcber die Datenschutz-Prinzipien unserer Website informieren. Grundlage bieten daf\u00fcr die Bestimmungen der Datenschutzgrundverordnung (DSGVO), des Bundesdatenschutzgesetzes (BDSG) und andere datenschutzrechtliche Bestimmungen.<br \/>Die Informationen auf dieser Website wurden mit gro\u00dfer Sorgfalt zusammengestellt. F\u00fcr die Richtigkeit und Vollst\u00e4ndigkeit kann gleichwohl keine Gew\u00e4hr \u00fcbernommen werden. Aus diesem Grund ist jegliche Haftung f\u00fcr eventuelle Sch\u00e4den im Zusammenhang mit der Nutzung dieser Website ausgeschlossen. Durch die Nutzung unserer Website kommt keinerlei Vertragsverh\u00e4ltnis zwischen dem Nutzer und uns zustande.<\/p>\r\n<p><strong>Kommentare<\/strong><\/p>\r\n<p>Wenn Besucher Kommentare auf der Website schreiben, sammeln wir die Daten, die im Kommentar-Formular angezeigt werden, au\u00dferdem die IP-Adresse des Besuchers und den User-Agent-String (damit wird der Browser identifiziert), um die Erkennung von Spam zu unterst\u00fctzen.<\/p>\r\n<p>Aus deiner E-Mail-Adresse kann eine anonymisierte Zeichenfolge erstellt (auch Hash genannt) und dem Gravatar-Dienst \u00fcbergeben werden, um zu pr\u00fcfen, ob du diesen benutzt. Die Datenschutzerkl\u00e4rung des Gravatar-Dienstes findest du hier: https:\/\/automattic.com\/privacy\/. Nachdem dein Kommentar freigegeben wurde, ist dein Profilbild \u00f6ffentlich im Kontext deines Kommentars sichtbar.<\/p>\r\n<p><strong>Personenbezogene Daten<\/strong><\/p>\r\n<p>Relevant f\u00fcr den Datenschutz sind personenbezogene Daten. Diese sind nach \u00a7 3 Abs. 1 BDSG Einzelangaben \u00fcber pers\u00f6nliche oder sachliche Verh\u00e4ltnisse einer bestimmten oder bestimmbaren nat\u00fcrlichen Person. Dazu z\u00e4hlen insbesondere Angaben wie Name, Anschrift, E-Mail-Adresse oder Telefonnummer aber auch, entsprechend einiger Gerichtsentscheidungen, Nutzungsdaten wie die IP-Adresse.<br \/>Nutzung und Zweck der Datenerhebung<\/p>\r\n<p>Grunds\u00e4tzlich ist die Angabe von personenbezogenen Daten f\u00fcr die Nutzung unserer Website nicht erforderlich. Zur Erbringung unserer Dienstleistungen ben\u00f6tigen wir jedoch Ihre personenbezogenen Daten. Bei einer Beauftragung erheben, speichern und verwenden wir Ihre pers\u00f6nlichen Daten nur, soweit dies f\u00fcr die Erbringung unserer Dienstleistungen und die Erf\u00fcllung des Vertrages notwendig ist. Dies gilt auch bei der Zusendung von Informationsmaterial, der Erstellung von Angeboten sowie f\u00fcr die Beantwortung individueller Fragen.<br \/>Bei der Nutzung unserer Website speichern wir zu statistischen Zwecken Daten wie Betriebssystem, Ihrem Browser, IP-Adresse (der zuvor aufgerufenen Website &#8211; Referrer-URL) und der Uhrzeit. Diese Daten erheben wir ausschlie\u00dflich zu statistischen Zwecken, um unseren Internetauftritt weiter zu optimieren. Zudem behalten wir uns vor, diese Daten im Falle eines Systemmissbrauchs zu verwenden, um die Gr\u00fcnde und den Ausl\u00f6ser des Missbrauchs zu ermitteln.<br \/>Es wird darauf hingewiesen, dass hinsichtlich der Daten\u00fcbertragung \u00fcber das Internet (z.B. bei der Kommunikation per E-Mail) keine sichere \u00dcbertragung gew\u00e4hrleistet ist. Empfindliche Daten sollten daher entweder gar nicht oder nur \u00fcber eine sichere Verbindung bzw. verschl\u00fcsselt \u00fcbertragen werden.<br \/>Weitere personenbezogene Daten wie Name, Anschrift, Telefonnummer oder E-Mail-Adresse werden im Rahmen der Nutzung der Website nicht erfasst, es sei denn, diese Angaben werden von Ihnen freiwillig gemacht, zum Beispiel im Rahmen einer Anfrage f\u00fcr eine Dienstleistung, einer Umfrage, eines Wettbewerbs oder einer Informationsanfrage. Personenbezogene Daten werden ausschlie\u00dflich nach den rechtlichen Vorschriften des Landes verarbeitet, in welchem unsere Gesellschaft ihren Sitz hat.<\/p>\r\n<p><strong>\u00dcbermittlung an Dritte<\/strong><\/p>\r\n<p>Eine Weitergabe von Daten an Dritte erfolgt grunds\u00e4tzlich nicht, sofern dies nicht zur Erbringung der Dienstleistung oder zur Vertragsdurchf\u00fchrung notwendig ist. Beh\u00f6rden oder anderen staatlichen Institutionen werden nur im Rahmen der gesetzlichen Informationspflichten oder aufgrund gerichtlicher Entscheidungen Auskunft erteilt.<br \/>Auf Anordnung der zust\u00e4ndigen Stellen d\u00fcrfen wir im Einzelfall Auskunft \u00fcber diese Daten erteilen, soweit dies f\u00fcr Zwecke der Strafverfolgung, zur Gefahrenabwehr, zur Erf\u00fcllung der gesetzlichen Aufgaben der Verfassungsschutzbeh\u00f6rden oder des Milit\u00e4rischen Abschirmdienstes oder zur Durchsetzung der Rechte am geistigen Eigentum erforderlich ist.<\/p>\r\n<p><strong>Daten von Kindern und Jugendlichen<\/strong><\/p>\r\n<p>Personen unter 18 Jahren sollten ohne Zustimmung der Eltern oder Erziehungsberechtigten keine personenbezogenen Daten an uns \u00fcbermitteln. Wir fordern wissentlich keine personenbezogenen Daten von Kindern und Jugendlichen an, sammeln diese nicht und geben sie nicht an Dritte weiter.<\/p>\r\n<p><strong>Sicherheitsma\u00dfnahmen<\/strong><\/p>\r\n<p>Zum Schutz Ihrer bei uns vorgehaltenen personenbezogenen Daten vor unberechtigtem Zugriff und Missbrauch haben wir umfangreiche technische und betriebliche Sicherheitsvorkehrungen getroffen. Unsere Sicherheitsverfahren zum Schutz gegen Besch\u00e4digungen, Zerst\u00f6rung oder den unberechtigten Zugriff werden regelm\u00e4\u00dfig \u00fcberpr\u00fcft und dem technologischen Fortschritt angepasst.<\/p>\r\n<p><strong>Links<\/strong><\/p>\r\n<p>Diese Website verf\u00fcgt \u00fcber Links zu externen Seiten. Wenn Sie diese Links anklicken, muss Ihnen klar sein, dass die IP-Adresse in den meisten F\u00e4llen ebenfalls im Protokoll dieser Websites auftaucht. Diese Datenschutzerkl\u00e4rung gilt nur f\u00fcr diese Website und nicht f\u00fcr Websites Dritter.<\/p>\r\n<p><strong>Auskunft und Widerruf<\/strong><\/p>\r\n<p>Sie erhalten jederzeit ohne Angabe von Gr\u00fcnden kostenfrei Auskunft \u00fcber Ihre bei uns gespeicherten Daten. Sie k\u00f6nnen jederzeit Ihre bei uns erhobenen Daten sperren, berichtigen oder l\u00f6schen lassen und der Datenerhebung und -speicherung zu Optimierungszwecken unserer Website widersprechen. Auch k\u00f6nnen Sie jederzeit die uns erteilte Einwilligung zur Datenerhebung und Verwendung ohne Angaben von Gr\u00fcnden widerrufen. Wenden Sie sich hierzu bitte an die im Impressum angegebene Kontaktadresse. Wir stehen Ihnen jederzeit gern f\u00fcr weitergehende Fragen zu unserem Hinweis zum Datenschutz und zur Verarbeitung Ihrer pers\u00f6nlichen Daten zur Verf\u00fcgung.<\/p>\r\n<p><strong>L\u00f6schung<\/strong><\/p>\r\n<p>Nach vollst\u00e4ndiger Vertragsabwicklung und nach Ablauf der steuer- und handelsrechtlichen Vorschriften werden Ihre personenbezogenen Daten gel\u00f6scht, sofern Sie nicht ausdr\u00fccklich einer dar\u00fcber hinausgehenden Datenverwendung zugestimmt haben.<\/p>\r\n<p><strong>Cookies<\/strong><\/p>\r\n<p>Diese Website nutzt Cookies. Cookies erlauben es uns beispielsweise, eine Website Ihren Interessen anzupassen oder Ihr Kennwort zu speichern, damit Sie dies nicht jedes Mal neu eingeben m\u00fcssen. Selbstverst\u00e4ndlich k\u00f6nnen Sie unsere Website auch ohne Cookies betrachten. Wenn Sie nicht m\u00f6chten, dass wir Ihren Computer wiedererkennen, k\u00f6nnen Sie das Speichern von Cookies auf Ihrer Festplatte verhindern, indem Sie in Ihren Browser-Einstellungen &#8222;keine Cookies akzeptieren&#8220; w\u00e4hlen. Wie das funktioniert, k\u00f6nnen Sie der Anleitung Ihres Browser-Herstellers entnehmen. Wenn Sie keine Cookies akzeptieren, kann dieses aber zu Funktionseinschr\u00e4nkungen unserer Inhalte f\u00fchren.<\/p>\r\n<p><strong>Google Analytics<\/strong><\/p>\r\n<p>Diese Website benutzt Google Analytics, einen Webanalysedienst der Google Inc. (\\u201eGoogle&#8220;). Google Analytics verwendet sog. \\u201eCookies&#8220;, Textdateien, die auf Ihrem Computer gespeichert werden und die eine Analyse der Benutzung der Website durch Sie erm\u00f6glichenDie durch den Cookie erzeugten Informationen \u00fcber Ihre Benutzung dieser Website werden in der Regel an einen Server von Google in den USA \u00fcbertragen und dort gespeichert. Im Falle der Aktivierung der IP-Anonymisierung auf dieser Website, wird Ihre IP-Adresse von Google jedoch innerhalb von Mitgliedstaaten der Europ\u00e4ischen Union oder in anderen Vertragsstaaten des Abkommens \u00fcber den Europ\u00e4ischen Wirtschaftsraum zuvor gek\u00fcrzt. Nur in Ausnahmef\u00e4llen wird die volle IP-Adresse an einen Server von Google in den USA \u00fcbertragen und dort gek\u00fcrzt. Im Auftrag des Betreibers dieser Website wird Google diese Informationen benutzen, um Ihre Nutzung der Website auszuwerten, um Reports \u00fcber die Websiteaktivit\u00e4ten zusammenzustellen und um weitere mit der Websitenutzung und der Internetnutzung verbundene Dienstleistungen gegen\u00fcber dem Websitebetreiber zu erbringen. Die im Rahmen von Google Analytics von Ihrem Browser \u00fcbermittelte IP-Adresse wird nicht mit anderen Daten von Google zusammengef\u00fchrt. Sie k\u00f6nnen die Speicherung der Cookies durch eine entsprechende Einstellung Ihrer Browser-Software verhindern; wir weisen Sie jedoch darauf hin, dass Sie in diesem Fall gegebenenfalls nicht s\u00e4mtliche Funktionen dieser Website vollumf\u00e4nglich werden nutzen k\u00f6nnen. Sie k\u00f6nnen dar\u00fcber hinaus die Erfassung der durch das Cookie erzeugten und auf Ihre Nutzung der Website bezogenen Daten (inkl. Ihrer IP-Adresse) an Google sowie die Verarbeitung dieser Daten durch Google verhindern, indem sie das unter dem folgenden Link verf\u00fcgbare Browser-Plugin herunterladen und installieren. Der aktuelle Link ist http:\/\/tools.google.com\/dlpage\/gaoptout?hl=de.<\/p>\r\n<p><strong>Fragen und Erreichbarkeit<\/strong><\/p>\r\n<p>Sollten Sie anderweitige Fragen oder auch Anregungen zum Datenschutz haben, nutzen Sie bitte unsere Kontaktinformationen aus dem Impressum.<\/p>\r\n<p><em>Diese Datenschutzerkl\u00e4rung basiert auf &#8222;Modulare Vorlage fuer eine Datenschutzerklaerung auf Webseiten&#8220; von SCHUTZWERK GmbH (http:\/\/www.schutzwerk.com) und steht unter einer Creative Commons Namensnennung-Weitergabe unter gleichen Bedingungen 3.0 Deutschland Lizenz.<\/em><\/p>\r\n<p>&nbsp;<\/p>\r\n\r\n<p>&nbsp;<\/p>\r\n","protected":false},"excerpt":{"rendered":"<p>Wer wir sind FC Eintracht K\u00f6ln e.V. Pr\u00e4lat-Wolker-Anlage\/Ecke Gutenbergstrasse50823 K\u00f6ln Vereinsregister K\u00f6ln: VR13415 Welche personenbezogenen Daten wir sammeln und warum wir sie sammeln Der Schutz Ihrer pers\u00f6nlichen Daten ist ein wichtiger Punkt unserer t\u00e4glichen Arbeit. Wir m\u00f6chten Sie daher an dieser Stelle \u00fcber die Datenschutz-Prinzipien unserer Website informieren. Grundlage bieten daf\u00fcr die Bestimmungen der Datenschutzgrundverordnung [&hellip;]<\/p>\n","protected":false},"author":1,"featured_media":0,"parent":0,"menu_order":0,"comment_status":"closed","ping_status":"open","template":"","meta":{"site-sidebar-layout":"default","site-content-layout":"","ast-site-content-layout":"default","site-content-style":"default","site-sidebar-style":"default","ast-global-header-display":"","ast-banner-title-visibility":"","ast-main-header-display":"","ast-hfb-above-header-display":"","ast-hfb-below-header-display":"","ast-hfb-mobile-header-display":"","site-post-title":"","ast-breadcrumbs-content":"","ast-featured-img":"","footer-sml-layout":"","theme-transparent-header-meta":"disabled","adv-header-id-meta":"","stick-header-meta":"","header-above-stick-meta":"","header-main-stick-meta":"","header-below-stick-meta":"","astra-migrate-meta-layouts":"set","ast-page-background-enabled":"default","ast-page-background-meta":{"desktop":{"background-color":"","background-image":"","background-repeat":"repeat","background-position":"center center","background-size":"auto","background-attachment":"scroll","background-type":"","background-media":"","overlay-type":"","overlay-color":"","overlay-opacity":"","overlay-gradient":""},"tablet":{"background-color":"","background-image":"","background-repeat":"repeat","background-position":"center center","background-size":"auto","background-attachment":"scroll","background-type":"","background-media":"","overlay-type":"","overlay-color":"","overlay-opacity":"","overlay-gradient":""},"mobile":{"background-color":"","background-image":"","background-repeat":"repeat","background-position":"center center","background-size":"auto","background-attachment":"scroll","background-type":"","background-media":"","overlay-type":"","overlay-color":"","overlay-opacity":"","overlay-gradient":""}},"ast-content-background-meta":{"desktop":{"background-color":"var(--ast-global-color-5)","background-image":"","background-repeat":"repeat","background-position":"center center","background-size":"auto","background-attachment":"scroll","background-type":"","background-media":"","overlay-type":"","overlay-color":"","overlay-opacity":"","overlay-gradient":""},"tablet":{"background-color":"var(--ast-global-color-5)","background-image":"","background-repeat":"repeat","background-position":"center center","background-size":"auto","background-attachment":"scroll","background-type":"","background-media":"","overlay-type":"","overlay-color":"","overlay-opacity":"","overlay-gradient":""},"mobile":{"background-color":"var(--ast-global-color-5)","background-image":"","background-repeat":"repeat","background-position":"center center","background-size":"auto","background-attachment":"scroll","background-type":"","background-media":"","overlay-type":"","overlay-color":"","overlay-opacity":"","overlay-gradient":""}},"footnotes":""},"class_list":["post-3","page","type-page","status-publish","hentry"],"_links":{"self":[{"href":"https:\/\/staging.eintracht-koeln.de\/index.php?rest_route=\/wp\/v2\/pages\/3","targetHints":{"allow":["GET"]}}],"collection":[{"href":"https:\/\/staging.eintracht-koeln.de\/index.php?rest_route=\/wp\/v2\/pages"}],"about":[{"href":"https:\/\/staging.eintracht-koeln.de\/index.php?rest_route=\/wp\/v2\/types\/page"}],"author":[{"embeddable":true,"href":"https:\/\/staging.eintracht-koeln.de\/index.php?rest_route=\/wp\/v2\/users\/1"}],"replies":[{"embeddable":true,"href":"https:\/\/staging.eintracht-koeln.de\/index.php?rest_route=%2Fwp%2Fv2%2Fcomments&post=3"}],"version-history":[{"count":10,"href":"https:\/\/staging.eintracht-koeln.de\/index.php?rest_route=\/wp\/v2\/pages\/3\/revisions"}],"predecessor-version":[{"id":1388,"href":"https:\/\/staging.eintracht-koeln.de\/index.php?rest_route=\/wp\/v2\/pages\/3\/revisions\/1388"}],"wp:attachment":[{"href":"https:\/\/staging.eintracht-koeln.de\/index.php?rest_route=%2Fwp%2Fv2%2Fmedia&parent=3"}],"curies":[{"name":"wp","href":"https:\/\/api.w.org\/{rel}","templated":true}]}}